2 a factor of 1668471332?
True
Is 5109747788 a multiple of 64?
False
Does 323 divide 1395813492?
True
Does 149 divide 34047137?
False
Is 58 a factor of 109645229?
False
Does 7 divide 36821890?
True
Is 5 a factor of 58742635?
True
Is 25 a factor of 643680650?
True
Is 29 a factor of 20730712?
False
Does 395 divide 12967455?
True
Is 78 a factor of 2003163?
False
Does 2188 divide 12559120?
True
Is 665379 a multiple of 1551?
True
Is 7879 a factor of 2951181877?
True
Does 21 divide 34908959?
False
Does 10 divide 310281240?
True
Is 6 a factor of 11634678?
True
Is 490 a factor of 240713791?
False
Is 287 a factor of 33932871?
True
Is 2841125 a multiple of 85?
True
Is 583 a factor of 1067517421?
False
Does 212 divide 40708028?
True
Is 1002 a factor of 10053777?
False
Is 1046 a factor of 631634898?
False
Is 145 a factor of 4946503465?
True
Is 4 a factor of 5424237?
False
Does 34 divide 184418479?
False
Is 174379066 a multiple of 154?
False
Does 1780 divide 34480380?
True
Is 1739048050 a multiple of 526?
True
Does 43 divide 6182712?
True
Is 35780545 a multiple of 3?
False
Does 4910 divide 59972303?
False
Does 12 divide 91048920?
True
Is 26 a factor of 134692506?
True
Is 1600916460 a multiple of 52?
True
Is 82615899 a multiple of 93?
True
Does 10 divide 2469170094?
False
Is 8182159 a multiple of 146?
False
Is 15445560 a multiple of 312?
True
Is 402338244 a multiple of 9?
False
Does 8 divide 1331901456?
True
Does 556 divide 204974404?
True
Does 4103 divide 68370620?
False
Is 13 a factor of 6384761?
False
Does 23 divide 810925?
False
Does 4214 divide 271339460?
True
Is 8 a factor of 15870870?
False
Is 10212 a factor of 1553163504?
True
Is 83866002 a multiple of 1039?
True
Is 1411900061 a multiple of 1411?
False
Does 14 divide 319733036?
True
Does 47 divide 81639611?
True
Does 216 divide 2338375608?
True
Is 2 a factor of 5415964?
True
Is 1215 a factor of 72687821?
False
Does 397 divide 109706583?
True
Does 431 divide 2868175965?
False
Is 261 a factor of 789732756?
True
Is 193109192 a multiple of 53?
False
Does 199 divide 31448994?
False
Does 12 divide 66228480?
True
Is 98086758 a multiple of 319?
True
Does 178 divide 143049463?
False
Does 6 divide 472289076?
True
Does 167 divide 771563380?
True
Is 17 a factor of 1824859730?
True
Is 80270832 a multiple of 1683?
False
Does 29 divide 597672?
False
Does 7351 divide 6297209430?
False
Does 262 divide 35248174?
False
Is 652 a factor of 260809780?
True
Does 1997 divide 2092797841?
False
Is 94 a factor of 36503022?
False
Does 204 divide 1239304080?
True
Is 19 a factor of 16747377?
False
Is 1809322275 a multiple of 24?
False
Is 5735466929 a multiple of 60?
False
Does 1770 divide 1003958160?
True
Is 75 a factor of 50427900?
True
Is 7 a factor of 16616166?
True
Does 31 divide 694493?
True
Is 315354004 a multiple of 1421?
True
Does 204 divide 194661351?
False
Is 169 a factor of 15591676?
False
Is 108351089 a multiple of 749?
True
Does 293 divide 66598607?
True
Is 14 a factor of 620922022?
True
Is 1080 a factor of 51356160?
True
Is 1456 a factor of 108617054?
False
Is 16 a factor of 2446962?
False
Is 16140720 a multiple of 5?
True
Does 41 divide 123235389?
False
Is 243435428 a multiple of 1145?
False
Does 68 divide 43249567?
False
Is 4746 a factor of 104692014?
True
Is 7 a factor of 3621814?
True
Is 1213 a factor of 215824238?
True
Does 24 divide 5891976?
True
Does 4931 divide 287965469?
True
Does 199 divide 9150219?
True
Does 1857 divide 1704342987?
False
Does 68 divide 1605613?
False
Does 538 divide 19338083?
False
Does 16 divide 49236800?
True
Is 816391857 a multiple of 207?
False
Is 454431181 a multiple of 23?
False
Does 14 divide 923012608?
True
Is 52337400 a multiple of 463?
False
Is 119814656 a multiple of 104?
True
Is 85592178 a multiple of 527?
True
Is 816973443 a multiple of 13?
True
Is 1249 a factor of 183003480?
True
Is 7435 a factor of 1211808345?
True
Is 4314860 a multiple of 51?
False
Is 585 a factor of 9987120?
True
Is 114568811 a multiple of 386?
False
Does 5 divide 9108481?
False
Does 458 divide 1254920?
True
Does 3293 divide 46229686?
False
Is 69393280 a multiple of 440?
True
Does 4211 divide 1358535976?
True
Is 78 a factor of 1128064347?
False
Is 1355653813 a multiple of 67?
True
Is 4085 a factor of 872339495?
True
Does 2 divide 395996?
True
Does 1169 divide 1079825173?
True
Is 52 a factor of 522429908?
True
Is 303037990 a multiple of 3165?
False
Does 51 divide 4555706?
False
Is 6113626 a multiple of 9?
False
Is 83 a factor of 90512563?
False
Is 20 a factor of 83717280?
True
Is 74344842 a multiple of 1326?
True
Is 63 a factor of 10123059?
False
Is 27 a factor of 82096254?
True
Is 949147695 a multiple of 15?
True
Does 404 divide 1710268091?
False
Does 276 divide 285693929?
False
Is 209068335 a multiple of 44?
False
Is 4851855 a multiple of 137?
True
Is 24086364 a multiple of 129?
True
Does 100 divide 189980598?
False
Does 149 divide 38105111?
True
Is 40 a factor of 25813160?
True
Is 3583 a factor of 342549132?
True
Is 80565102 a multiple of 6?
True
Is 1132007988 a multiple of 6033?
True
Is 1061179623 a multiple of 1503?
True
Does 78 divide 912891000?
False
Does 90 divide 87098850?
True
Does 832 divide 238958316?
False
Is 1537 a factor of 71201525?
True
Is 182446569 a multiple of 147?
False
Is 11371965 a multiple of 63?
False
Is 1851721130 a multiple of 82?
True
Is 482186457 a multiple of 9570?
False
Is 2462100652 a multiple of 8363?
True
Is 358 a factor of 43777184?
False
Is 11251739 a multiple of 147?
False
Is 58998551 a multiple of 4?
False
Does 11 divide 125009829?
False
Does 2 divide 7888912?
True
Does 47 divide 1123739826?
True
Is 992 a factor of 5759552?
True
Is 8 a factor of 18872588?
False
Does 316 divide 104970909?
False
Is 127 a factor of 643836580?
False
Does 6 divide 45377272?
False
Is 3 a factor of 1039715035?
False
Is 278 a factor of 93785802?
True
Is 28 a factor of 94806028?
False
Is 10901340 a multiple of 1706?
True
Is 152615548 a multiple of 1151?
False
Is 76481780 a multiple of 14?
False
Is 2211 a factor of 299466684?
True
Is 126 a factor of 3169782?
True
Does 142 divide 44439042?
True
Is 12 a factor of 1228039056?
True
Does 8 divide 732320880?
True
Is 290 a factor of 52657330?
True
Does 480 divide 403758492?
False
Is 4326204 a multiple of 207?
False
Is 265613015 even?
False
Does 805 divide 251385771?
False
Is 1298 a factor of 31468712?
True
Is 9042516 a multiple of 21?
True
Is 285290310 a multiple of 3?
True
Does 48 divide 2105110241?
False
Is 931 a factor of 73752205?
False
Is 76 a factor of 32979216?
False
Is 6667736 a multiple of 8?
True
Does 3272 divide 4673257?
False
Is 353157594 a multiple of 818?
True
Is 237 a factor of 98729331?
False
Is 265 a factor of 1252066170?
True
Is 67 a factor of 16663436?
True
Is 1036906064 a multiple of 20?
False
Is 7165750 a multiple of 534?
False
Is 673929189 a multiple of 152?
False
Is 2401 a factor of 2156000606?
False
Is 22119012 a multiple of 3?
True
Is 3845145766 a multiple of 372?
False
Is 312 a factor of 315789864?
True
Does 5 divide 87798141?
False
Is 7654865 a multiple of 2?
False
Is 1719 a factor of 73969116?
False
Is 21 a factor of 103384008?
True
Is 21 a factor of 92331015?
True
Does 174 divide 196175535?
False
Is 2 a factor of 112190582?
True
Does 53 divide 383738656?
True
Is 42 a factor of 35139761?
False
Does 48 divide 137244240?
True
Is 544814402 a multiple of 187?
True
Does 8 divide 74692880?
True
Is 3 a factor of 363005302?
False
Is 6 a factor of 28558931?
False
Is 18 a factor of 163305846?
True
Does 123 divide 57481467?
True
Is 31 a factor of 51761502?
False
Does 5 divide 41029460?
True
Is 75644016 a multiple of 1734?
True
Is 4 a factor of 14588560?
True
Does 151 divide 73410792?
False
Does 71 divide 144806636?
False
Is 439518560 a multiple of 1040?
True
Does 2033 divide 2468441?
False
Is 3075760454 a multiple of 898?
True
Is 492970303 a multiple of 31?
False
Does 326 divide 355227063?
False
Is 2900225552 a multiple of 17?
False
Is 21 a factor of 1105717179?
True
Does 26 divide 64944724?
True
Is 3051 a factor of 3761517203?
False
Does 507 divide 233972838?
False
Is 200 a factor of 5381602200?
True
Does 605 divide 436715015?
True
Is 16 a factor of 648415047?
False
Does 266 divide 1171211566?
True
Is 3133710908 a multiple of 72